 to base 9
-26312
Convert -14 (base 14) to base 4.
-102
What is 1584 (base 9) in base 4?
102322
Convert -6741 (base 9) to base 8.
-11562
What is 31410 (base 6) in base 9?
5746
What is 5721 (base 12) in base 8?
22711
Convert -52048 (base 10) to base 16.
-cb50
Convert 112211 (base 3) to base 11.
334
What is -522 (base 7) in base 10?
-261
-12010232 (base 4) to base 8
-60456
What is 2008 (base 9) in base 6?
10442
1366 (base 7) to base 14
2a6
10440 (base 5) to base 16
2e9
What is -59 (base 14) in base 16?
-4f
-3466 (base 7) to base 3
-1202011
Convert -35 (base 14) to base 15.
-32
1a5 (base 12) to base 13
179
Convert 324234 (base 5) to base 14.
4118
-28008 (base 9) to base 12
-ab82
What is -1273 (base 9) in base 4?
-32331
Convert 21214 (base 6) to base 7.
11266
Convert 4c3 (base 13) to base 7.
2302
What is -129c (base 13) in base 2?
-101001101000
-112204 (base 8) to base 6
-452004
What is -396 (base 11) in base 6?
-2100
What is 45c (base 15) in base 2?
1111011011
Convert -63 (base 15) to base 16.
-5d
What is 653 (base 8) in base 7?
1150
What is 1322 (base 4) in base 15?
82
-760 (base 10) to base 12
-534
What is 12200 (base 3) in base 4?
2121
Convert -10011000 (base 2) to base 14.
-ac
110101100001 (base 2) to base 4
311201
What is -13846 (base 9) in base 14?
-3622
What is -32d4 (base 15) in base 6?
-121514
What is 4882 (base 12) in base 15?
2642
What is 5195 (base 10) in base 16?
144b
-9138 (base 13) to base 15
-5dc9
What is -24962 (base 12) in base 6?
-1022202
What is 211002001 (base 3) in base 7?
64630
Convert -1cca (base 15) to base 14.
-23d7
What is -1110010100 (base 2) in base 6?
-4124
Convert 33365 (base 13) to base 12.
458a8
1111 (base 5) to base 12
110
Convert d2 (base 15) to base 11.
16a
What is 11be (base 15) in base 9?
5158
2445 (base 6) to base 16
25d
-1101010 (base 2) to base 8
-152
What is 666 (base 9) in base 8?
1042
What is -a84 (base 13) in base 14?
-926
-457 (base 11) to base 4
-20202
-5bb (base 15) to base 11
-a83
What is 20315 (base 7) in base 11?
3800
-4db2 (base 16) to base 3
-1000021200
-230a6 (base 12) to base 13
-183a8
What is 5405 (base 9) in base 16?
f86
61a2 (base 13) to base 3
200111101
What is -240524 (base 7) in base 13?
-16a39
Convert -1164 (base 9) to base 11.
-71a
1a95 (base 13) to base 10
4009
Convert -5107 (base 10) to base 4.
-1033303
What is -102003 (base 4) in base 14?
-5c7
-692 (base 13) to base 12
-7a5
Convert 1ced (base 16) to base 4.
1303231
What is 144001 (base 5) in base 13?
2a33
What is 5ab0 (base 13) in base 9?
18522
-1507 (base 8) to base 9
-1132
What is -406 (base 12) in base 9?
-716
What is -1131300 (base 6) in base 16?
-e514
Convert -4663 (base 7) to base 5.
-23321
What is -10210222 (base 3) in base 2?
-101011011100
24555 (base 6) to base 9
5028
What is -34242 (base 5) in base 12?
-14bb
-11630 (base 7) to base 8
-5763
13122 (base 5) to base 15
492
Convert 1a38 (base 16) to base 5.
203322
-122 (base 8) to base 6
-214
Convert -55b (base 14) to base 10.
-1061
Convert 9579 (base 10) to base 2.
10010101101011
-6857 (base 13) to base 9
-22028
Convert 22440 (base 6) to base 8.
6170
What is 3306 (base 7) in base 12?
826
What is -3634 (base 11) in base 9?
-6464
-1328 (base 12) to base 14
-b28
2122 (base 4) to base 12
10a
-225 (base 16) to base 14
-2b3
Convert 10201110 (base 4) to base 11.
12a03
Convert -142 (base 7) to base 14.
-59
-60253 (base 9) to base 12
-1aaa0
-5062 (base 7) to base 12
-1027
Convert 60728 (base 9) to base 10.
39959
75606 (base 9) to base 8
141620
-d6 (base 15) to base 10
-201
Convert -1011110111001101 (base 2) to base 13.
-19168
What is -2311001 (base 5) in base 14?
-11116
Convert 5245 (base 6) to base 16.
49d
814 (base 10) to base 11
680
Convert 50347 (base 8) to base 12.
bb9b
What is -3de0 (base 15) in base 5?
-411020
Convert 157 (base 11) to base 6.
503
7107 (base 8) to base 16
e47
Convert -333045 (base 6) to base 5.
-1343033
3414 (base 6) to base 12
56a
22766 (base 8) to base 16
25f6
-531311 (base 6) to base 13
-16804
-566 (base 10) to base 9
-688
Convert 12 (base 7) to base 2.
1001
11130 (base 7) to base 11
2129
What is 15d85 (base 14) in base 7?
315525
What is 22000 (base 3) in base 9?
260
10415 (base 6) to base 14
759
-12a50 (base 14) to base 5
-2432214
-13111123 (base 4) to base 5
-1430133
What is -610 (base 14) in base 8?
-2246
What is -1016 (base 7) in base 12?
-258
What is 1021022 (base 3) in base 2?
1110011110
12200 (base 4) to base 2
110100000
What is -3102 (base 5) in base 4?
-12102
-1d42 (base 14) to base 12
-311a
What is -21031 (base 6) in base 4?
-230023
What is b631 (base 12) in base 9?
30271
What is 13a4 (base 16) in base 7?
20442
What is -a21a (base 11) in base 15?
-404d
Convert -27aa (base 12) to base 7.
-16252
Convert -13600 (base 8) to base 4.
-1132000
Convert -23011 (base 5) to base 3.
-2020102
Convert -23022223 (base 4) to base 10.
-45739
What is -104453 (base 6) in base 15?
-292c
-65c (base 15) to base 4
-112131
Convert 8999 (base 12) to base 9.
22810
Convert 718 (base 9) to base 16.
248
Convert -10000002111 (base 3) to base 11.
-40462
What is -151 (base 9) in base 2?
-1111111
What is 2160 (base 11) in base 6?
21105
What is 10122011 (base 3) in base 15?
bba
Convert -315 (base 10) to base 2.
-100111011
Convert 23302 (base 5) to base 8.
3246
-26d (base 15) to base 12
-3a1
Convert 42102 (base 5) to base 16.
ad9
What is 1c60 (base 15) in base 8?
14025
What is -200011 (base 5) in base 3?
-22120201
20405 (base 7) to base 12
2a8b
163026 (base 8) to base 11
40288
-1331322 (base 4) to base 2
-1111101111010
What is 2113231 (base 5) in base 15?
a77b
What is 20e5 (base 16) in base 10?
8421
14160 (base 8) to base 10
6256
Convert -32236 (base 12) to base 3.
-10100112020
834a (base 13) to base 14
6881
What is 468 (base 11) in base 13?
33c
What is -110001100001011 (base 2) in base 14?
-9351
-44813 (base 10) to base 6
-543245
What is 1c0b (base 16) in base 6?
53123
-10010000 (base 2) to base 8
-220
Convert -11143 (base 5) to base 11.
-666
What is -b124 (base 14) in base 11?
-20938
What is -1101111111111 (base 2) in base 11?
-5426
b7a6 (base 13) to base 15
7841
What is 1000001110001 (base 2) in base 4?
1001301
Convert 1104 (base 7) to base 12.
290
Convert 5e (base 16) to base 13.
73
What is -201233 (base 4) in base 9?
-2858
Convert -12263 (base 9) to base 8.
-20056
-1010032 (base 4) to base 5
-114431
-9c21 (base 14) to base 13
-c42b
Convert -3383 (base 11) to base 15.
-14b7
What is -7855 (base 9) in base 3?
-21221212
Convert -1203525 (base 6) to base 7.
-351554
What is -770 (base 10) in base 7?
-2150
Convert -213142 (base 5) to base 8.
-16201
140253 (base 7) to base 12
13443
-1312022 (base 4) to base 8
-16612
10311 (base 6) to base 9
1837
Convert -576 (base 12) to base 16.
-32a
Convert -23aaa (base 12) to base 10.
-48226
Convert -76b (base 14) to base 8.
-2673
What is 325 (base 13) in base 11?
44a
Convert 17221 (base 9) to base 5.
334340
Convert -3de (base 15) to base 9.
-1182
32e (base 16) to base 10
814
What is -2101 (base 7) in base 14?
-3a8
78a0 (base 13) to base 7
100105
Convert 339 (base 16) to base 5.
11300
a0aa (base 11) to base 8
32166
What is -3031010 (base 4) in base 7?
-53156
What is 2569 (base 12) in base 14?
17a1
Convert -a (base 16) to base 11.
-a
Convert 111111100 (base 2) to base 9.
624
1735 (base 8) to base 16
3dd
What is -33356 (base 7) in base 12?
-4a58
What is -1541 (base 8) in base 4?
-31201
Convert -9841 (base 10) to base 14.
-382d
1321303 (base 4) to base 2
1111001110011
What is -454 (base 8) in base 9?
-363
b713 (base 12) to base 10
20031
What is 22201 (base 6) in base 15?
db7
-20214 (base 6) to base 9
-3601
What is -23c8 (base 15) in base 8?
-16675
-12266 (base 12) to base 2
-101111111101110
Convert -5415 (base 6) to base 14.
-643
What is -110012 (base 5) in base 8?
-7255
ba90 (base 15) to base 9
60170
20663 (base 7) to base 8
12025
Convert 3521 (base 6) to base 4.
31021
Convert 8742 (base 9) to base 5.
201222
-1022302 (base 4) to base 10
-4786
What is -4414 (base 6) in base 7?
-2653
Convert 1ab7 (base 12) to base 2.
110011101011
111232 (base 4) to base 8
2556
Convert -a40 (base 11) to base 8.
-2346
3661 (base 7) to base 12
95a
Convert -100101011 (base 2) to base 15.
-14e
What is 9da (base 15) in base 3?
10001121
Convert -44221 (base 6) to base 9.
-